base 6, what is 1 - 131?
-130
In base 6, what is -140 - 1?
-141
In base 5, what is -120 + 3?
-112
In base 2, what is -110011 + 111?
-101100
In base 15, what is 33 - 3?
30
In base 8, what is -11 - 32?
-43
In base 4, what is 12 + -13?
-1
In base 10, what is 1212 - 0?
1212
In base 13, what is 35b + 4?
362
In base 6, what is 2 - 131?
-125
In base 16, what is 17 - -15?
2c
In base 7, what is 2 - -351?
353
In base 15, what is 3 - 7d?
-7a
In base 6, what is 321150 + -2?
321144
In base 16, what is 0 - 6c7?
-6c7
In base 9, what is 7 + -3?
4
In base 14, what is 2 - -181?
183
In base 14, what is 4 + -145?
-141
In base 12, what is -182 - -1?
-181
In base 5, what is -1014003 + -1?
-1014004
In base 7, what is 200 + -35?
132
In base 3, what is -10 - -20021?
20011
In base 15, what is -2 - -11?
e
In base 4, what is 3 + 20031?
20100
In base 6, what is -4 - -115?
111
In base 4, what is -1220 - 203?
-2023
In base 15, what is -2 + -3e?
-41
In base 10, what is -33 - 155?
-188
In base 9, what is -10 + -28?
-38
In base 4, what is 2 + 3131?
3133
In base 3, what is -100 - 1?
-101
In base 11, what is 5 - 547?
-542
In base 14, what is 7 - -37?
40
In base 13, what is 2 + -11b?
-119
In base 5, what is -4 - -2020?
2011
In base 11, what is -2238 - 1?
-2239
In base 2, what is 11 - 101110100010?
-101110011111
In base 11, what is 22838 + 4?
22841
In base 5, what is -11441 - -10?
-11431
In base 8, what is -377 + 1?
-376
In base 12, what is 4 + 47?
4b
In base 10, what is -113 - -4?
-109
In base 14, what is 3 - -cc?
d1
In base 8, what is 3 + -457?
-454
In base 4, what is 20 + 32033?
32113
In base 6, what is 14430 - 4?
14422
In base 4, what is -1032 - -11?
-1021
In base 13, what is -c + -2?
-11
In base 8, what is 47243 - 2?
47241
In base 12, what is 83 + -2?
81
In base 4, what is -30211 - 10?
-30221
In base 9, what is 1 + -68?
-67
In base 2, what is -11110111 - 101?
-11111100
In base 9, what is 2364 + 0?
2364
In base 9, what is -111 - 5?
-116
In base 16, what is -c8 + -6?
-ce
In base 9, what is 4 - -142?
146
In base 5, what is 10142 + 11?
10203
In base 10, what is -23 - 49?
-72
In base 14, what is 3 + dc?
101
In base 9, what is -4 + 4?
0
In base 6, what is 1050 + -4?
1042
In base 5, what is 40 - 24?
11
In base 14, what is 20 + -5?
19
In base 5, what is 2 - -1231?
1233
In base 7, what is -464 - 4?
-501
In base 15, what is -633 + 0?
-633
In base 9, what is -23 + 6?
-16
In base 6, what is -331 + -41?
-412
In base 11, what is -1 - -1a9?
1a8
In base 15, what is -771 + 8?
-768
In base 6, what is 11 + -15?
-4
In base 13, what is 1055c + -3?
10559
In base 12, what is 12 + -6b?
-59
In base 12, what is -29 - -126?
b9
In base 12, what is 10 - -b3?
103
In base 12, what is 122 - 5?
119
In base 3, what is 1111122 - 2?
1111120
In base 2, what is -11 + 1101011?
1101000
In base 11, what is 1 - 221?
-220
In base 15, what is -3 + -303?
-306
In base 7, what is 11 - 10?
1
In base 7, what is 423 + -36?
354
In base 9, what is -475 - -47?
-427
In base 10, what is 106 - -11?
117
In base 11, what is -129 - 9?
-137
In base 5, what is 1103 + -10?
1043
In base 10, what is 0 + 89?
89
In base 4, what is 1233 + 1323?
3222
In base 5, what is -10 + -2042?
-2102
In base 10, what is -2673 - 3?
-2676
In base 13, what is -54 + -1b?
-72
In base 12, what is 2229 + 1?
222a
In base 16, what is 1 - 3dc?
-3db
In base 6, what is 13330 - -14?
13344
In base 11, what is 2 - -8a8?
8aa
In base 14, what is 100 - 9?
d5
In base 14, what is -6 - -1212?
120a
In base 15, what is 6b4 - -1?
6b5
In base 14, what is 1 + -c?
-b
In base 2, what is 11000011110 - -10?
11000100000
In base 11, what is 5 + 548?
552
In base 16, what is -2d + 7?
-26
In base 9, what is -87 - 5?
-103
In base 8, what is 0 + -2141?
-2141
In base 8, what is 5 + 4140?
4145
In base 10, what is -929 + 4?
-925
In base 4, what is 11033 - 1?
11032
In base 10, what is -43 + 274?
231
In base 9, what is -5631 - -1?
-5630
In base 14, what is -3 + 489?
486
In base 12, what is 2 - a1?
-9b
In base 13, what is -ba13 - 1?
-ba14
In base 14, what is -3 + 37?
34
In base 14, what is -8501 + 2?
-84dd
In base 7, what is 0 + -304?
-304
In base 5, what is -2334 - -123?
-2211
In base 6, what is 4 - -41?
45
In base 13, what is 1 + 9b?
9c
In base 5, what is 13001 - 0?
13001
In base 5, what is 3 + -11012?
-11004
In base 8, what is 207 - -71?
300
In base 15, what is -1 + -153?
-154
In base 4, what is -3 - -320031?
320022
In base 15, what is e - -a?
19
In base 14, what is -b - -20?
13
In base 6, what is 2 + 1225?
1231
In base 5, what is 13 + -1234?
-1221
In base 4, what is 1303 - 120?
1123
In base 11, what is -5 - 100?
-105
In base 2, what is -1011 + 101100000?
101010101
In base 15, what is -15a + -3?
-15d
In base 3, what is -12 - -12?
0
In base 14, what is 566 + 1?
567
In base 13, what is 13 - 3?
10
In base 14, what is 95 + 35?
ca
In base 10, what is 25 + 11?
36
In base 6, what is 132 + -35?
53
In base 11, what is -284 - -1?
-283
In base 16, what is 11 - 3d?
-2c
In base 4, what is 221311 - -11?
221322
In base 3, what is -100222 + 2?
-100220
In base 8, what is 2 + 14?
16
In base 3, what is -12 - 22100?
-22112
In base 13, what is -8 + a?
2
In base 7, what is 636 - 4?
632
In base 13, what is -23 + 79?
56
In base 4, what is 1010 + 3?
1013
In base 4, what is -13013 + -11?
-13030
In base 7, what is 1 + -32?
-31
In base 6, what is 24 - 1?
23
In base 5, what is -131 - -113?
-13
In base 6, what is 125 + -5?
120
In base 3, what is -201210 + -10?
-201220
In base 9, what is -15 - 45?
-61
In base 14, what is -49 - -146?
db
In base 6, what is 25 - -1?
30
In base 2, what is -100001 - -11111?
-10
In base 10, what is 2 + -216?
-214
In base 5, what is -12 - -213?
201
In base 15, what is -80 + -16?
-96
In base 8, what is 1046 - -5?
1053
In base 8, what is 33 - 36?
-3
In base 8, what is 2 + 153?
155
In base 4, what is 3320 - 2?
3312
In base 4, what is -131 - -323?
132
In base 12, what is -4682 - 3?
-4685
In base 12, what is 7b2 - 5?
7a9
In base 6, what is 15445 + 2?
15451
In base 11, what is -2 - -168?
166
In base 10, what is -3 + 44?
41
In base 4, what is -3 - 31032?
-31101
In base 15, what is 88e - 9?
885
In base 5, what is -10 + 123?
113
In base 13, what is -4 - 104?
-108
In base 13, what is 7 + 461?
468
In base 14, what is -b + 3d?
32
In base 8, what is 2737 + -13?
2724
In base 16, what is 16 + -1b?
-5
In base 8, what is 3 - 4654?
-4651
In base 13, what is 8 + 1c?
27
In base 15, what is -2c + -6?
-33
In base 14, what is 0 + -555?
-555
In base 2, what is 1111111 + -1?
1111110
In base 13, what is -4 - -3?
-1
In base 15, what is -2c5 - 6?
-2cb
In base 14, what is 8 - -446?
450
In base 16, what is -1235 - 4?
-1239
In base 12, what is -3aa3 - 5?
-3aa8
In base 14, what is -1482 - 2?
-1484
In base 12, what is 4 + 970?
974
In base 10, what is 4447 + -4?
4443
In base 13, what is -27 - -b3?
89
In base 6, what is -110 - 4?
-114
In base 11, what is 0 - -1331?
1331
In base 2, what is 1001100011 + 11?
1001100110
In base 2, what is -1 - 1010?
-1011
In base 14, what is 2 + -111?
-10d
In base 8, what is -11152 - 0?
-11152
In base 13, what is 4 - 1c0?
-1b9
In base 10, what is 5 + 137?
142
In base 14, what is 1d2 - 2?
1d0
In base 16, what is -fd - 0?
-fd
In base 14, what is -1 - 13b?
-13c
In base 3, what is 1001202 + 2?
1001211
In base 3, what is 2121 + -2?
2112
In base 4, what is -10 - -3000?
2330
In base 13, what is -4 - -3c5?
3c1
In base 2, what is -1100000010011 - 0?
-1100000010011
In base 14, what is -1b - 1?
-1c
In base 6, what is -215 - 2?
-221
In base 14, what is 5 - -2?
7
In base 13, what is -5 + -4?
-9
In base 11, what is 1 + -13?
-12
In base 2, what is -100 + -1011111001?
-1011111101
In base 2, what is 110 + 100110000?
100110110
In base 5, what is -130 + -222?
-402
In base 10, what is -1030 - 2?
-1032
In base 2, what is -10 - 11001001111?
-11001010001
In base 6, what is 10424 + 5?
10433
In base 5, what is -3 - -202131?
202123
In base 12, what is 1 - -bb7?
bb8
In base 4, what is 10 + -100301?
-100231
In base 11, what is -35 - 1?
-36
In base 9, what is 3 - -230?
233
In base 13, what is 16 - 121?
-108
In base 6, what is 14 + -2522?
-2504
In base 10, what is 177 + -115?
62
In base 16, what is 2c + 106?
132
In base 7, what is -30 - -1030?
1000
In base 15, what is 0 - 8e?
-8e
In base 10, what is -2647 + 4?
-2643
In base 7, 